q). Let x = -16 + r. Calculate the greatest common factor of x and 45.
15
Let x = 78 + 21. Suppose -3*v = -0*v + x. Let c = v - -73. What is the highest common factor of 16 and c?
8
Let o be ((-9)/(-6) + 1/2)*3. Calculate the highest common factor of o and 222.
6
Let u = 26 - 18. Let g(z) = -z**3 + 11*z**2 - 10*z + 24. Let j be g(10). Suppose 0*r - 3*r = -j. Calculate the greatest common factor of r and u.
8
Suppose 2*t + 0*t - 10 = 4*f, t = 3*f + 5. Suppose l = 3*l - 2*w - 130, 331 = t*l + w. Suppose 4*p - 8 = 16. Calculate the greatest common divisor of p and l.
6
Let y(c) = 6*c + 9 + c - c. Let g be y(12). Let o be 11 - (2/(-2) - -3). Calculate the greatest common divisor of g and o.
9
Suppose 0*b = -5*x + 3*b - 3, 2*x = 3*b - 3. Let m(q) = q**3 + 2*q**2 - q + 171. Let j be m(x). What is the greatest common factor of 19 and j?
19
Suppose -4*j = -289 + 29. Suppose -3*v - 2*v = -j. Calculate the highest common divisor of 39 and v.
13
Let j = -17 - -21. Suppose 2*l - 2*a = 132, -j*l - 5*a + 108 = -174. Let v be (-25)/(-3 + l/24). Calculate the greatest common factor of 15 and v.
15
Let m be 13 + (6/3 - 4). Suppose m = 3*h - 1. Let y(w) = 3*w - 3. Let u be y(h). Calculate the greatest common factor of 9 and u.
9
Let q(l) = -l**3 + 15*l**2 + 15*l + 55. Let x be q(16). Suppose 0 = -2*h + 10, 5*g = -h - 0*h + 70. Calculate the greatest common factor of g and x.
13
Suppose -4*q - 5*j + 6 = 0, 2*q - q - j - 6 = 0. Let p be (q - 3) + -1*2*-7. Calculate the highest common divisor of p and 10.
5
Suppose 0 = -24*a - 14*a + 988. Calculate the greatest common divisor of 65 and a.
13
Let c be 1/(-7) - (-1010)/(-35). Let v be (0 + 2 + -3)/(1/c). What is the highest common factor of 116 and v?
29
Let y = 12 + -11. Let v be (1/y)/(6/6). Suppose -v + 7 = 2*z. What is the highest common factor of 33 and z?
3
Suppose 27*q - 343 = 1358. Suppose 5*r + 38 = -h + 3*h, 0 = -3*r - 12. Calculate the highest common factor of h and q.
9
Let v be (4/(-5))/(18/(-270)). Suppose -4*j = 48 - 192. What is the greatest common divisor of j and v?
12
Let y be (133/(-114))/(3/(-36)). Suppose -3*r + 183 = -153. What is the highest common divisor of y and r?
14
Let u(d) = -d**3 - 5*d**2 + 3*d + 27. Let j be u(-5). Calculate the highest common divisor of j and 42.
6
Suppose -6*w + 23 = 5. Suppose -w*b + 99 = -252. What is the highest common divisor of 13 and b?
13
Let p be ((-5)/(-1))/(3/6). Suppose -7*f - 83 = -55. Let w = p + f. What is the highest common factor of w and 12?
6
Suppose 8*l = 9*l - h - 70, 0 = 2*h + 8. Calculate the greatest common divisor of l and 594.
66
Let v be 4 - (-3 + 1 - -3). Suppose 2*t = -q + t + 11, -15 = v*t. What is the highest common factor of q and 80?
16
Let g(w) = -w**2 + w + 2. Let f be g(0). Suppose -5*y + 9 + 36 = 0. Let o = f + y. What is the highest common factor of 99 and o?
11
Suppose -3*o - 3*b + 24 = 0, 0*o - 5*b + 16 = -o. Let g(w) = w**2 - 1. Let d be g(o). What is the highest common factor of d and 120?
15
Suppose 23*o + 148 - 861 = 0. Calculate the highest common factor of o and 2449.
31
Let h = -58 - -62. Suppose -2 = -h*g + 2. Calculate the highest common factor of g and 9.
1
Let w = 95 - 89. Suppose 2 = -4*v + w. Calculate the greatest common factor of 8 and v.
1
Let z = 10 - 6. Suppose 2 = 2*l - 2*s, l + z - 1 = 2*s. Suppose 3*j - 84 = 2*c, j + j - 45 = l*c. What is the greatest common factor of 6 and j?
6
Let p(s) = 3*s**2 + 9*s + 34. Let m be p(-20). Calculate the greatest common factor of 124 and m.
62
Suppose p + 4 = 3*p. Suppose -55 = p*d - 223. Let x be (-3)/((-18)/4)*(36 + 6). What is the greatest common factor of d and x?
28
Let l(f) = f**3 + 23*f**2 - 22*f + 55. Let s be l(-24). Calculate the greatest common divisor of 224 and s.
7
Let f be (2/6)/(9/243*3). Suppose -f*l = 3*k - 36, 0*l + 28 = 2*k + l. Calculate the highest common factor of 288 and k.
16
Suppose 0 = 2*f - 0*f + 8. Let h be (-79)/f + 8/32. Suppose 4*c + 40 = 5*i, 2*c + 41 - 11 = 5*i. What is the greatest common factor of h and i?
4
Suppose -66 = -4*b - 2*r, -5*b + 8 + 52 = -5*r. Let s be 192/40 + 4/20. What is the highest common divisor of s and b?
5
Let a be (12/(-36))/((-1)/30). Let o(y) = 8*y**3 + 2*y**2 - 2. Let u be o(2). Calculate the highest common factor of a and u.
10
Let l(m) = -19*m**2 + 35*m**2 + 4*m + 23*m**3 - 14*m**2 + 2. Let k be l(-1). Let d = k + 48. What is the greatest common factor of 175 and d?
25
Suppose -6*d - 44 = -7*d. Suppose -d = 2*n - 114. What is the highest common factor of n and 5?
5
Let s be 38/3 - (-2)/(-3). Suppose -11*r + 122 = -10. Calculate the highest common factor of r and s.
12
Suppose -4*o - 72 = -7*o. Suppose -5*x - w + 60 = 0, 0 = -5*x - 5*w + 36 + o. Calculate the highest common divisor of 84 and x.
12
Suppose 5551 = 44*t + 85*t - 6317. Let f(n) = 4*n - 1. Let w be f(6). What is the greatest common divisor of t and w?
23
Let j = -181 + 769. Calculate the greatest common divisor of 12 and j.
12
Let n = -383 + 428. Let a be 14/(-1*(-4)/2). Let v(f) = f**2 - 5*f - 5. Let x be v(a). Calculate the highest common divisor of n and x.
9
Let s = 37 + 15. Calculate the highest common factor of 182 and s.
26
Let l(z) = 2*z**2 - 5*z**2 + 18*z + 2*z**2 + 27. Let d(k) = -k**2 + 17*k + 367. Let p be d(29). Let m be l(p). Calculate the highest common factor of m and 16.
8
Suppose 4*f = 4, -2*d - 3*f + 11 = -92. Calculate the highest common divisor of d and 20.
10
Let p(r) = -r + 18. Let d be p(16). Suppose 0 = -d*v + 108 + 4. Calculate the highest common divisor of v and 7.
7
Suppose 0 = -122*x + 90*x + 7392. Calculate the highest common factor of x and 21.
21
Let r(b) = b - 1. Let l(m) = -8*m - 26. Let c(w) = l(w) + 3*r(w). Let f be c(-7). What is the highest common divisor of 1 and f?
1
Let f(g) = 5*g**3 + g**2 + 4*g - 4. Let p = 3 - -1. Let m be f(p). Let z = 510 - m. What is the highest common divisor of 18 and z?
18
Let c be (-13)/(13/12)*(-15)/4. Calculate the greatest common divisor of c and 30.
15
Let r(f) = -2*f**3 - 16*f**2 - 15*f + 10. Let g be r(-7). Suppose 2*d - 177 - 121 = 4*n, 3*n + 300 = 2*d. Calculate the greatest common divisor of g and d.
17
Let v = 326 - 272. What is the highest common divisor of 81 and v?
27
Let a = 4 - 1. Suppose 56 = 3*z + p, -3 = -3*p + a. Let j be (-2 - 0)*z*-1. What is the greatest common factor of j and 4?
4
Let o = 27 + 2. Let v = -26 + o. Calculate the highest common factor of 12 and v.
3
Let y be (-2 - -71) + (-6)/2. Let f(p) = 10*p**2 - 13*p - 22. Let r be f(-2). Calculate the greatest common factor of r and y.
22
Suppose 3*j - 4255 + 555 = -4*d, -5*d + j + 4644 = 0. Suppose 6*l - d = -334. Calculate the greatest common factor of 18 and l.
9
Suppose -3*d - a + 140 + 527 = 0, d + 4*a - 226 = 0. Let u = d + -157. Calculate the highest common factor of u and 39.
13
Let k(c) = -5*c + 42. Let w be k(-22). Calculate the highest common divisor of 38 and w.
38
Let x(i) = -i**3 + i**2 + 31*i + 2. Let m be x(6). What is the greatest common factor of 6 and m?
2
Let g(f) = -f**3 - 4*f**2 - 2*f - 6. Let w be g(-4). Let z = -956 + 978. What is the highest common factor of z and w?
2
Suppose -5*j + 0*j + 30 = 0. Let h be 2/15 + j/(-180)*-326. What is the highest common factor of h and 11?
11
Let q be (-2)/(-3*(-6)/(-2124)). Calculate the greatest common factor of q and 59.
59
Let v = -219 - -424. What is the highest common divisor of v and 5?
5
Suppose -4*f - 180 = -4*k, 3*k - 84 = 2*f + 48. What is the greatest common factor of 252 and k?
42
Let j(g) = -168*g + 378. Let n(c) = 13*c - 29. Let d(b) = 6*j(b) + 77*n(b). Let k be d(3). What is the greatest common factor of k and 49?
7
Let n = 54 - 21. Let u = -1 + 0. Let p be (22/8)/(u/(-4)). Calculate the highest common factor of p and n.
11
Suppose -5*r + 63 = -2*r. Let q(o) = -5*o + 0*o + 4*o + r. Let b be q(15). Calculate the greatest common divisor of 3 and b.
3
Let h(k) = -2*k**2 + 82*k - 66. Let a be h(39). Let v be ((-3)/(-2))/(3/8). Suppose -v*z - z = -90. What is the greatest common factor of a and z?
18
Suppose -5*j = -5265 + 525. What is the greatest common divisor of j and 12?
12
Let z be 1/3 + (-22)/(-6). Let v be 1012/18 - z/18. Calculate the highest common factor of 8 and v.
8
Let m(g) = -g**2 - 1. Let z(t) = -t**2 - 7*t - 28. Let 